ber?
False
Is 33923 a prime number?
True
Is 45839 prime?
False
Is 25889 a composite number?
False
Is 73877 composite?
False
Is 75859 a composite number?
True
Is 17519 a prime number?
True
Is 7433 composite?
False
Is 4751 a prime number?
True
Is 59497 composite?
False
Is 3328277 prime?
False
Is 23453 a prime number?
False
Is 287767 prime?
False
Is 44921 composite?
True
Is 17943 a composite number?
True
Is 1151 prime?
True
Is 217129 a composite number?
True
Is 25423 composite?
False
Is 35859 composite?
True
Is 180521 a prime number?
False
Is 1419469 prime?
True
Is 195581 a composite number?
False
Is 899 prime?
False
Is 221 prime?
False
Is 357961 composite?
True
Is 624707 a composite number?
False
Is 23399 prime?
True
Is 4783 a prime number?
True
Is 6696829 composite?
False
Is 48551 a composite number?
True
Is 488701 a composite number?
False
Is 3589 composite?
True
Is 2819 composite?
False
Is 4541 prime?
False
Is 2202179 composite?
True
Is 53933 a composite number?
True
Is 56873 a composite number?
False
Is 36353 a composite number?
False
Is 1963 a composite number?
True
Is 186343 prime?
True
Is 703658 a prime number?
False
Is 86399 a composite number?
False
Is 102917 a composite number?
True
Is 28757 composite?
True
Is 903739 composite?
True
Is 411 prime?
False
Is 31981 composite?
False
Is 89689 composite?
False
Is 40979 a prime number?
False
Is 14591 prime?
True
Is 4909 a prime number?
True
Is 112369 composite?
True
Is 4783 prime?
True
Is 187303 a composite number?
False
Is 31235 composite?
True
Is 1154261 a composite number?
True
Is 205717 composite?
True
Is 1116209 a prime number?
True
Is 301381 prime?
True
Is 11307 a prime number?
False
Is 73711 a prime number?
False
Is 756859 a composite number?
True
Is 2419 a composite number?
True
Is 8147 a prime number?
True
Is 12385 composite?
True
Is 18301 a prime number?
True
Is 1055 prime?
False
Is 42335 prime?
False
Is 20833 a composite number?
True
Is 8081 composite?
False
Is 1769 a composite number?
True
Is 198673 prime?
True
Is 151541 prime?
False
Is 16519 composite?
False
Is 1055 a composite number?
True
Is 22367 composite?
False
Is 13253 prime?
False
Is 76645 composite?
True
Is 2777 composite?
False
Is 920903 a prime number?
False
Is 5106635 prime?
False
Is 52909 a prime number?
False
Is 127579 a prime number?
True
Is 2417 a prime number?
True
Is 10117 a composite number?
True
Is 44399 a composite number?
True
Is 6997 a composite number?
False
Is 797 composite?
False
Is 16039 a composite number?
True
Is 186085 prime?
False
Is 3958113 composite?
True
Is 16603 a composite number?
False
Is 78301 a composite number?
False
Is 5017 a composite number?
True
Is 3821 prime?
True
Is 3183 prime?
False
Is 440753 a composite number?
False
Is 3203 a composite number?
False
Is 129845 a composite number?
True
Is 3091 composite?
True
Is 939203 a composite number?
False
Is 5345 prime?
False
Is 7663 composite?
True
Is 14261 prime?
False
Is 8051 composite?
True
Is 122753 a prime number?
True
Is 569573 a prime number?
True
Is 11549 prime?
True
Is 7148045 a prime number?
False
Is 2503 a prime number?
True
Is 554051 prime?
True
Is 38027 a composite number?
True
Is 120541 a composite number?
True
Is 8383 a composite number?
True
Is 14509 a prime number?
False
Is 17467 a prime number?
True
Is 5431607 a prime number?
False
Is 21334 composite?
True
Is 7051 composite?
True
Is 3862 a composite number?
True
Is 3433 prime?
True
Is 8923 prime?
True
Is 2068139 a composite number?
False
Is 492379 a composite number?
True
Is 25503 a composite number?
True
Is 617581 composite?
True
Is 12085 prime?
False
Is 32687 prime?
True
Is 50669 a composite number?
True
Is 25255 a composite number?
True
Is 939581 composite?
False
Is 5147 composite?
False
Is 367163 a composite number?
False
Is 31385 composite?
True
Is 156991 composite?
True
Is 9111 composite?
True
Is 53563 a prime number?
False
Is 469703 a prime number?
False
Is 98893 prime?
True
Is 463937 a prime number?
False
Is 2559449 a prime number?
True
Is 4547 composite?
False
Is 1073 a composite number?
True
Is 1679009 prime?
True
Is 2745971 composite?
False
Is 907819 a composite number?
True
Is 95471 composite?
False
Is 24943 a prime number?
True
Is 3614809 a prime number?
False
Is 406983 a prime number?
False
Is 18137 a prime number?
False
Is 2361 a prime number?
False
Is 21269 a prime number?
True
Is 757923 prime?
False
Is 8923 a composite number?
False
Is 73265 a composite number?
True
Is 157103 a composite number?
False
Is 1973 composite?
False
Is 2447009 composite?
False
Is 12451 prime?
True
Is 15173 composite?
False
Is 1685 a prime number?
False
Is 638867 composite?
True
Is 72749 prime?
False
Is 484683 prime?
False
Is 122141 a prime number?
False
Is 77417 composite?
False
Is 11401 prime?
False
Is 47699 a prime number?
True
Is 3109 composite?
False
Is 223423 a composite number?
False
Is 52963 a prime number?
True
Is 143093 prime?
True
Is 35467 a composite number?
True
Is 16811 composite?
False
Is 15277 a prime number?
True
Is 3163 composite?
False
Is 129445 composite?
True
Is 14143 a prime number?
True
Is 47563 a prime number?
True
Is 80323 a prime number?
False
Is 71633 a prime number?
True
Is 37211 a prime number?
False
Is 76931 composite?
True
Is 7069 composite?
False
Is 9677 a prime number?
True
Is 46559 prime?
True
Is 42917 composite?
True
Is 746153 a composite number?
False
Is 976945 a composite number?
True
Is 43211 a prime number?
False
Is 13403 composite?
True
Is 27802 composite?
True
Is 309359 composite?
False
Is 106741 a composite number?
True
Is 93787 a prime number?
True
Is 251383 composite?
True
Is 9727 a prime number?
False
Is 49781 composite?
True
Is 57503 composite?
False
Is 4583 composite?
False
Is 117163 a prime number?
True
Is 13859 composite?
False
Is 1087 a composite number?
False
Is 6049 prime?
False
Is 12758 composite?
True
Is 182906 prime?
False
Is 136282 prime?
False
Is 16811 a composite number?
False
Is 1237541 a composite number?
True
Is 12379 a prime number?
True
Is 95577 a prime number?
False
Is 2437 a prime number?
True
Is 134789 composite?
False
Is 922859 prime?
False
Is 37685 prime?
False
Is 11863 composite?
False
Is 14765 prime?
False
Is 32749 prime?
True
Is 1087 prime?
True
Is 46199 composite?
False
Is 1299461 composite?
True
Is 831445 a composite number?
True
Is 238366 a prime number?
False
Is 11239 composite?
False
Is 7421 a prime number?
False
Is 22679 a composite number?
False
Is 31351 composite?
True
Is 2605 a composite number?
True
Is 657187 a composite number?
False
Is 346685 a prime number?
False
Is 4729 a prime number?
True
Is 3899 a prime number?
False
Is 1363049 a composite number?
True
Is 46741 prime?
False
Is 7001 a composite number?
False
Is 65273 composite?
True
Is 224993 a composite number?
False
Is 19174 composite?
True
Is 34973 composite?
True
Is 1501 prime?
False
Is 6801 composite?
True
Is 1015541 prime?
True
Is 222646 a prime number?
False
Is 3967 a prime number?
True
Is 125317 a prime number?
False
Is 1631147 a composite number?
True
Is 140587 a composite number?
False
Is 713291 composite?
True
Is 21254 a prime number?
False
Is 5113 a composite number?
False
Is 978821 a composite number?
False
Is 639713 a prime number?
True
Is 14765 prime?
False
Is 44507 a prime number?
True
Is 19871 composite?
True
Is 230719 composite?
False
Is 49139 a prime number?
True
Is 153059 a composite number?
False
Is 202277 composite?
False
Is 51251 a prime number?
False
Is 2291 a composite number?
True
Is 95153 composite?
False
Is 2095099 a composite number?
False
Is 368939 a composite number?
False
Is 4271897 composite?
True
Is 5519 a prime number?
True
Is 47237 a prime number?
True
Is 12313 prime?
False
Is 27187 prime?
False
Is 96097 composite?
False
Is 13033 prime?
True
Is 22613 a composite number?
False
Is 3269 composite?
True
Is 49241 a prime number?
False
Is 264995 composite?
True
Is 72533 prime?
True
Is 8153 composite?
True
Is 19733 composite?
True
Is 22523 a composite number?
True
Is 885289 prime?
True
Is 3593 prime?
True
Is 4729 prime?
True
Is 223999 composite?
False
Is 62138 a composite number?
True
Is 3251 a composite number?
False
Is 99805 a composite number?
True
Is 1964033 a prime number?
True
Is 235 prime?
False
Is 59665 a pri